2be
In base 9, what is 104 - 44?
50
In base 11, what is 0 + 3a?
3a
In base 3, what is 1112 + -21011?
-12122
In base 15, what is -555 + -3?
-558
In base 10, what is -69 - 4?
-73
In base 9, what is -1861 + -3?
-1864
In base 13, what is -1 + -2a39?
-2a3a
In base 5, what is 421 - 1?
420
In base 4, what is -123 + 112?
-11
In base 15, what is -c - 15a?
-167
In base 6, what is -12521 + -3?
-12524
In base 13, what is -5 + 2?
-3
In base 4, what is -2120 + 2?
-2112
In base 8, what is -11 - 11?
-22
In base 16, what is 0 - 41?
-41
In base 11, what is -5 + a4a?
a45
In base 6, what is -115 - 54?
-213
In base 14, what is 1 + 21?
22
In base 8, what is -4 + 176?
172
In base 5, what is 433 + 411?
1344
In base 9, what is -17 + -7?
-25
In base 9, what is 1357 + 2?
1360
In base 4, what is 202 + 201?
1003
In base 7, what is -506 + -116?
-625
In base 12, what is -2 - 15a1?
-15a3
In base 9, what is 1034 + 3?
1037
In base 6, what is 3 + -40334?
-40331
In base 14, what is 2 + -266?
-264
In base 16, what is 1 - -7?
8
In base 10, what is -9 - 14?
-23
In base 16, what is -8 - -21?
19
In base 3, what is -10100 - -12?
-10011
In base 2, what is -101100011000 + 11?
-101100010101
In base 15, what is 34 - -3?
37
In base 7, what is -1354 + 16?
-1335
In base 11, what is 2 + -4?
-2
In base 9, what is 22 - 1?
21
In base 11, what is -4 + 73?
6a
In base 10, what is -2 - -2124?
2122
In base 13, what is 40 - 2?
3b
In base 3, what is 12 - -1100?
1112
In base 11, what is 2a6 + 3?
2a9
In base 14, what is -1b2 + -1?
-1b3
In base 6, what is 524 - 10?
514
In base 11, what is 2 - -999?
9a0
In base 9, what is -5 + -41?
-46
In base 6, what is -32 - 11?
-43
In base 15, what is -13 + -37?
-4a
In base 5, what is -1 - -403?
402
In base 6, what is -35122 - -1?
-35121
In base 16, what is -4 - -23?
1f
In base 11, what is -1 - 354?
-355
In base 10, what is -4 + -2?
-6
In base 8, what is -5 + -71?
-76
In base 8, what is 6 - 1650?
-1642
In base 9, what is -275 - 36?
-322
In base 3, what is -111022110 - 12?
-111022122
In base 6, what is 11 - -14?
25
In base 8, what is 0 - -553?
553
In base 14, what is -6a + 23?
-47
In base 7, what is -1 - 14130?
-14131
In base 12, what is 1 + 98?
99
In base 4, what is -10201 + -10?
-10211
In base 7, what is -6 + -10504?
-10513
In base 9, what is -1 + -514?
-515
In base 14, what is 3 + -18c?
-189
In base 11, what is -5425 + 4?
-5421
In base 12, what is -4 - -25?
21
In base 6, what is -235 + 44?
-151
In base 13, what is 283b - 1?
283a
In base 4, what is -12001 - 3?
-12010
In base 7, what is -635 - -13?
-622
In base 14, what is 930 + 1?
931
In base 10, what is 3 + 42?
45
In base 4, what is 213 + -233?
-20
In base 8, what is -2 - -347?
345
In base 5, what is 2 + -313?
-311
In base 5, what is -2 - 32?
-34
In base 8, what is -10 + 165?
155
In base 6, what is 1132 - -24?
1200
In base 14, what is -d52 + 1?
-d51
In base 10, what is -25 + 2?
-23
In base 8, what is -212 + 21?
-171
In base 14, what is 6 + -2c?
-26
In base 12, what is -4 + 962?
95a
In base 11, what is -50 + 156?
106
In base 13, what is 17 + 43?
5a
In base 11, what is -2 + -58?
-5a
In base 14, what is 0 + -bdb?
-bdb
In base 5, what is -1 + -2324?
-2330
In base 6, what is -20040 + -14?
-20054
In base 8, what is 1 - 0?
1
In base 6, what is 25 - -110?
135
In base 5, what is -11 + 132?
121
In base 8, what is 2 - 103?
-101
In base 3, what is 1002 - 11?
221
In base 14, what is 3 - 4?
-1
In base 6, what is -20542 - 0?
-20542
In base 8, what is 5 - 43?
-36
In base 5, what is 42 + -10?
32
In base 14, what is -14 - -2?
-12
In base 11, what is 10 + 5?
15
In base 4, what is -21100 + -3?
-21103
In base 15, what is -4 + 1e0?
1db
In base 9, what is -2177 - -2?
-2175
In base 12, what is -a - -72?
64
In base 7, what is -15 + 201?
153
In base 3, what is -21012121 - -1?
-21012120
In base 16, what is 1 + 44?
45
In base 11, what is 1 - 28?
-27
In base 10, what is 217 - 5?
212
In base 10, what is -1 - -516?
515
In base 4, what is 101 + 130?
231
In base 16, what is -1 + 557?
556
In base 9, what is 2814 + 2?
2816
In base 15, what is -2 + -1d?
-20
In base 5, what is 130 - -204?
334
In base 14, what is 2 - 48?
-46
In base 13, what is 1052 + -3?
104c
In base 8, what is 337 - -40?
377
In base 10, what is -53 - -118?
65
In base 2, what is 11001111110 + 11?
11010000001
In base 6, what is 11 - 1143?
-1132
In base 3, what is 110221 + -101?
110120
In base 7, what is 3 + -14534?
-14531
In base 10, what is -3 + 15?
12
In base 8, what is -271 + 2?
-267
In base 12, what is 5 - 9?
-4
In base 13, what is 1a - 0?
1a
In base 9, what is 150 + 8?
158
In base 15, what is -1ae + -e?
-1bd
In base 10, what is -511 + 9?
-502
In base 12, what is -2 - 69?
-6b
In base 16, what is 540 + 4?
544
In base 12, what is 0 - 62?
-62
In base 4, what is 10 + 2311?
2321
In base 10, what is 83 - 5?
78
In base 14, what is 3 + 317?
31a
In base 3, what is -1111222212 + -10?
-1111222222
In base 11, what is -29 + -10?
-39
In base 11, what is 2 - 66?
-64
In base 15, what is -78 + a5?
2c
In base 14, what is -345 + -1?
-346
In base 9, what is 87 - 120?
-22
In base 16, what is 6 - 34d?
-347
In base 3, what is -10 + -2010?
-2020
In base 10, what is -3 - -15?
12
In base 11, what is -5 + 1132?
1128
In base 5, what is -121302 + 2?
-121300
In base 16, what is 2 + -6bd?
-6bb
In base 12, what is -2 + a7?
a5
In base 3, what is -10 + -2?
-12
In base 12, what is -9 + -124?
-131
In base 10, what is 0 - 10?
-10
In base 16, what is 134 + -5?
12f
In base 9, what is -17 - 63?
-81
In base 6, what is 1 + 2?
3
In base 3, what is 1100 - 100?
1000
In base 12, what is 7 + -9b?
-94
In base 15, what is -219 + -9?
-223
In base 10, what is 1 - -3?
4
In base 5, what is 24 + 2334?
2413
In base 7, what is -154 - -2?
-152
In base 16, what is 1c + 3?
1f
In base 13, what is 4 + 4b8?
4bc
In base 7, what is -43 + -6?
-52
In base 8, what is 3 + -2043?
-2040
In base 3, what is -1 - 2021022?
-2021100
In base 8, what is -23 - -62?
37
In base 9, what is 8 + 785?
804
In base 3, what is -12021 + 0?
-12021
In base 14, what is 6 + dad?
db5
In base 16, what is 4 - -130?
134
In base 14, what is -6 - -3bb?
3b5
In base 5, what is 10 + 32322?
32332
In base 2, what is 0 + 1111?
1111
In base 11, what is 1 - -7?
8
In base 4, what is -1020 - -11212?
10132
In base 4, what is 21 + -1333?
-1312
In base 13, what is -5 - -76?
71
In base 13, what is -4 + -669?
-670
In base 10, what is 40 - -80?
120
In base 6, what is 31201 - 2?
31155
In base 9, what is 2 - -1012?
1014
In base 13, what is -2 + 1c?
1a
In base 9, what is -850 + 3?
-846
In base 5, what is -2 - -121?
114
In base 14, what is -12 + b?
-5
In base 16, what is 64 - 1?
63
In base 9, what is -31 + 683?
652
In base 14, what is 170 - 5?
169
In base 12, what is -1 + 83?
82
In base 13, what is 1 + -76b?
-76a
In base 14, what is 33 - 23?
10
In base 3, what is -110022 - 2?
-110101
In base 12, what is -19 - 1a0?
-1b9
In base 2, what is -110010100 + -100?
-110011000
In base 5, what is -2 - -10?
3
In base 3, what is 110 - -2211?
10021
In base 14, what is 1 - 55?
-54
In base 4, what is 1032332 + 11?
1033003
In base 13, what is -152 + 0?
-152
In base 7, what is 225 - 43?
152
In base 2, what is 1 - -101011111?
101100000
In base 2, what is 111011110 - -1?
111011111
In base 16, what is 3 - 144a?
-1447
In base 10, what is 931 - 8?
923
In base 8, what is 640 + 22?
662
In base 9, what is 2 - 0?
2
In base 11, what is -163 + 11?
-152
In base 7, what is -103 + 0?
-103
In base 11, what is -34 - 68?
-a1
In base 10, what is 612 - -3?
615
In base 14, what is -c6 + 7?
-bd
In base 10, what is 142 + -20?
122
In base 2, what is 111 - 10000101?
-1111110
In base 12, what is 8a - 0?
8a
In base 15, what is -94c + 4?
-948
In base 9, what is 73 - 341?
-257
In base 7, what is 1 - -4461?
4462
In base 9, what is -3 - -16?
13
In base 3, what is 2 - -222?
1001
In base 11, what is -13 + -60?
-73
In base 11, what is -781 - 3?
-784
In base 4, what is 33 + 2?
101
In base 3, what is 1000 - 20010?
-12010
In base 2, what is 110 + 1011?
10001
In base 14, what is -3 + 175?
172
In base 10, what is 10 - 71?
-61
In base 8, what is 256 + 0?
256
In base 13, what is 5 - 2402?
-23ca
In base 11, what is -60 + -1?
-61
In base 6, what is -1121 - 3?
-1124
In base 13, what is -4 + -25?
-29
In base 9, what is 3 + -26?
-23
In base 11, what is 4467